{"id":8770,"date":"2026-08-31T09:30:16","date_gmt":"2026-08-31T12:30:16","guid":{"rendered":"https:\/\/asfcee.org.br\/wp-content\/uploads\/2026\/08\/Conheca-Sirlei-Ignacio-Diretora-Parlamentar-do-Grupo-do-Magisterio-da-ASFCEECom-uma-trajetoria-1.jpg"},"modified":"2026-08-31T09:30:16","modified_gmt":"2026-08-31T12:30:16","slug":"conheca-sirlei-ignacio-diretora-parlamentar-do-grupo-do-magisterio-da-asfceecom-uma-trajetoria-1","status":"inherit","type":"attachment","link":"https:\/\/asfcee.org.br\/index.php\/2026\/08\/20\/conhea-sirlei-ignacio-diretora-parlamentar-do-gurpo-do-magisterio-da-asfcee\/conheca-sirlei-ignacio-diretora-parlamentar-do-grupo-do-magisterio-da-asfceecom-uma-trajetoria-1\/","title":{"rendered":"Conhe\u00e7a Sirlei Ign\u00e1cio, Diretora Parlamentar do Grupo do Magist\u00e9rio da ASFCEE!Com uma trajet\u00f3ria (1)"},"author":6,"comment_status":"open","ping_status":"closed","template":"","meta":[],"description":{"rendered":"<p class=\"attachment\"><a href='https:\/\/asfcee.org.br\/wp-content\/uploads\/2026\/08\/Conheca-Sirlei-Ignacio-Diretora-Parlamentar-do-Grupo-do-Magisterio-da-ASFCEECom-uma-trajetoria-1.jpg'><img width=\"240\" height=\"300\" src=\"https:\/\/asfcee.org.br\/wp-content\/uploads\/2026\/08\/Conheca-Sirlei-Ignacio-Diretora-Parlamentar-do-Grupo-do-Magisterio-da-ASFCEECom-uma-trajetoria-1-240x300.jpg\" class=\"attachment-medium size-medium\" alt=\"\" decoding=\"async\" loading=\"lazy\" srcset=\"https:\/\/asfcee.org.br\/wp-content\/uploads\/2026\/08\/Conheca-Sirlei-Ignacio-Diretora-Parlamentar-do-Grupo-do-Magisterio-da-ASFCEECom-uma-trajetoria-1-240x300.jpg 240w, https:\/\/asfcee.org.br\/wp-content\/uploads\/2026\/08\/Conheca-Sirlei-Ignacio-Diretora-Parlamentar-do-Grupo-do-Magisterio-da-ASFCEECom-uma-trajetoria-1-819x1024.jpg 819w, https:\/\/asfcee.org.br\/wp-content\/uploads\/2026\/08\/Conheca-Sirlei-Ignacio-Diretora-Parlamentar-do-Grupo-do-Magisterio-da-ASFCEECom-uma-trajetoria-1-768x960.jpg 768w, https:\/\/asfcee.org.br\/wp-content\/uploads\/2026\/08\/Conheca-Sirlei-Ignacio-Diretora-Parlamentar-do-Grupo-do-Magisterio-da-ASFCEECom-uma-trajetoria-1.jpg 1170w\" sizes=\"(max-width: 240px) 100vw, 240px\" \/><\/a><\/p>\n"},"caption":{"rendered":""},"alt_text":"","media_type":"image","mime_type":"image\/jpeg","media_details":{"width":1170,"height":1463,"file":"2026\/08\/Conheca-Sirlei-Ignacio-Diretora-Parlamentar-do-Grupo-do-Magisterio-da-ASFCEECom-uma-trajetoria-1.jpg","filesize":110215,"sizes":{"medium":{"file":"Conheca-Sirlei-Ignacio-Diretora-Parlamentar-do-Grupo-do-Magisterio-da-ASFCEECom-uma-trajetoria-1-240x300.jpg","width":240,"height":300,"filesize":10883,"mime_type":"image\/jpeg","source_url":"https:\/\/asfcee.org.br\/wp-content\/uploads\/2026\/08\/Conheca-Sirlei-Ignacio-Diretora-Parlamentar-do-Grupo-do-Magisterio-da-ASFCEECom-uma-trajetoria-1-240x300.jpg"},"large":{"file":"Conheca-Sirlei-Ignacio-Diretora-Parlamentar-do-Grupo-do-Magisterio-da-ASFCEECom-uma-trajetoria-1-819x1024.jpg","width":819,"height":1024,"filesize":67771,"mime_type":"image\/jpeg","source_url":"https:\/\/asfcee.org.br\/wp-content\/uploads\/2026\/08\/Conheca-Sirlei-Ignacio-Diretora-Parlamentar-do-Grupo-do-Magisterio-da-ASFCEECom-uma-trajetoria-1-819x1024.jpg"},"thumbnail":{"file":"Conheca-Sirlei-Ignacio-Diretora-Parlamentar-do-Grupo-do-Magisterio-da-ASFCEECom-uma-trajetoria-1-150x150.jpg","width":150,"height":150,"filesize":4655,"mime_type":"image\/jpeg","source_url":"https:\/\/asfcee.org.br\/wp-content\/uploads\/2026\/08\/Conheca-Sirlei-Ignacio-Diretora-Parlamentar-do-Grupo-do-Magisterio-da-ASFCEECom-uma-trajetoria-1-150x150.jpg"},"medium_large":{"file":"Conheca-Sirlei-Ignacio-Diretora-Parlamentar-do-Grupo-do-Magisterio-da-ASFCEECom-uma-trajetoria-1-768x960.jpg","width":768,"height":960,"filesize":62594,"mime_type":"image\/jpeg","source_url":"https:\/\/asfcee.org.br\/wp-content\/uploads\/2026\/08\/Conheca-Sirlei-Ignacio-Diretora-Parlamentar-do-Grupo-do-Magisterio-da-ASFCEECom-uma-trajetoria-1-768x960.jpg"},"post-thumbnail":{"file":"Conheca-Sirlei-Ignacio-Diretora-Parlamentar-do-Grupo-do-Magisterio-da-ASFCEECom-uma-trajetoria-1-850x560.jpg","width":850,"height":560,"filesize":51039,"mime_type":"image\/jpeg","source_url":"https:\/\/asfcee.org.br\/wp-content\/uploads\/2026\/08\/Conheca-Sirlei-Ignacio-Diretora-Parlamentar-do-Grupo-do-Magisterio-da-ASFCEECom-uma-trajetoria-1-850x560.jpg"},"digiqole-medium":{"file":"Conheca-Sirlei-Ignacio-Diretora-Parlamentar-do-Grupo-do-Magisterio-da-ASFCEECom-uma-trajetoria-1-600x398.jpg","width":600,"height":398,"filesize":29931,"mime_type":"image\/jpeg","source_url":"https:\/\/asfcee.org.br\/wp-content\/uploads\/2026\/08\/Conheca-Sirlei-Ignacio-Diretora-Parlamentar-do-Grupo-do-Magisterio-da-ASFCEECom-uma-trajetoria-1-600x398.jpg"},"digiqole-small":{"file":"Conheca-Sirlei-Ignacio-Diretora-Parlamentar-do-Grupo-do-Magisterio-da-ASFCEECom-uma-trajetoria-1-455x300.jpg","width":455,"height":300,"filesize":20524,"mime_type":"image\/jpeg","source_url":"https:\/\/asfcee.org.br\/wp-content\/uploads\/2026\/08\/Conheca-Sirlei-Ignacio-Diretora-Parlamentar-do-Grupo-do-Magisterio-da-ASFCEECom-uma-trajetoria-1-455x300.jpg"},"full":{"file":"Conheca-Sirlei-Ignacio-Diretora-Parlamentar-do-Grupo-do-Magisterio-da-ASFCEECom-uma-trajetoria-1.jpg","width":1170,"height":1463,"mime_type":"image\/jpeg","source_url":"https:\/\/asfcee.org.br\/wp-content\/uploads\/2026\/08\/Conheca-Sirlei-Ignacio-Diretora-Parlamentar-do-Grupo-do-Magisterio-da-ASFCEECom-uma-trajetoria-1.jpg"}},"image_meta":{"aperture":"0","credit":"","camera":"","caption":"","created_timestamp":"0","copyright":"","focal_length":"0","iso":"0","shutter_speed":"0","title":"","orientation":"0","keywords":[]}},"post":8769,"source_url":"https:\/\/asfcee.org.br\/wp-content\/uploads\/2026\/08\/Conheca-Sirlei-Ignacio-Diretora-Parlamentar-do-Grupo-do-Magisterio-da-ASFCEECom-uma-trajetoria-1.jpg","_links":{"self":[{"href":"https:\/\/asfcee.org.br\/index.php\/wp-json\/wp\/v2\/media\/8770"}],"collection":[{"href":"https:\/\/asfcee.org.br\/index.php\/wp-json\/wp\/v2\/media"}],"about":[{"href":"https:\/\/asfcee.org.br\/index.php\/wp-json\/wp\/v2\/types\/attachment"}],"author":[{"embeddable":true,"href":"https:\/\/asfcee.org.br\/index.php\/wp-json\/wp\/v2\/users\/6"}],"replies":[{"embeddable":true,"href":"https:\/\/asfcee.org.br\/index.php\/wp-json\/wp\/v2\/comments?post=8770"}]}}

Conheça Sirlei Ignácio, Diretora Parlamentar do Grupo do Magistério da ASFCEE!Com uma trajetória (1)
