{"id":5032,"date":"2024-03-27T22:09:39","date_gmt":"2024-03-28T01:09:39","guid":{"rendered":"https:\/\/asfcee.org.br\/?page_id=5032"},"modified":"2024-04-16T09:54:23","modified_gmt":"2024-04-16T12:54:23","slug":"juridico","status":"publish","type":"page","link":"https:\/\/asfcee.org.br\/index.php\/juridico\/","title":{"rendered":"Jur\u00eddico"},"content":{"rendered":"\t\t<div data-elementor-type=\"wp-page\" data-elementor-id=\"5032\" class=\"elementor elementor-5032\">\n\t\t\t\t\t\t\t\t\t<section class=\"elementor-section elementor-top-section elementor-element elementor-element-9a19a6f elementor-section-full_width elementor-section-height-default elementor-section-height-default\" data-id=\"9a19a6f\" data-element_type=\"section\" data-settings=\"{&quot;background_background&quot;:&quot;classic&quot;}\">\n\t\t\t\t\t\t\t<div class=\"elementor-background-overlay\"><\/div>\n\t\t\t\t\t\t\t<div class=\"elementor-container elementor-column-gap-default\">\n\t\t\t\t\t<div class=\"elementor-column elementor-col-100 elementor-top-column elementor-element elementor-element-32ecf67\" data-id=\"32ecf67\" data-element_type=\"column\" data-settings=\"{&quot;background_background&quot;:&quot;classic&quot;}\">\n\t\t\t<div class=\"elementor-widget-wrap elementor-element-populated\">\n\t\t\t\t\t\t\t\t<div class=\"elementor-element elementor-element-b4b9c23 elementor-widget elementor-widget-heading\" data-id=\"b4b9c23\" data-element_type=\"widget\" data-widget_type=\"heading.default\">\n\t\t\t\t<div class=\"elementor-widget-container\">\n\t\t\t<style>\/*! elementor - v3.13.3 - 28-05-2023 *\/\n.elementor-heading-title{padding:0;margin:0;line-height:1}.elementor-widget-heading .elementor-heading-title[class*=elementor-size-]>a{color:inherit;font-size:inherit;line-height:inherit}.elementor-widget-heading .elementor-heading-title.elementor-size-small{font-size:15px}.elementor-widget-heading .elementor-heading-title.elementor-size-medium{font-size:19px}.elementor-widget-heading .elementor-heading-title.elementor-size-large{font-size:29px}.elementor-widget-heading .elementor-heading-title.elementor-size-xl{font-size:39px}.elementor-widget-heading .elementor-heading-title.elementor-size-xxl{font-size:59px}<\/style><h2 class=\"elementor-heading-title elementor-size-default\">JUR\u00cdDICO<\/h2>\t\t<\/div>\n\t\t\t\t<\/div>\n\t\t\t\t\t<\/div>\n\t\t<\/div>\n\t\t\t\t\t\t\t<\/div>\n\t\t<\/section>\n\t\t\t\t<section class=\"elementor-section elementor-top-section elementor-element elementor-element-85ee977 elementor-section-boxed elementor-section-height-default elementor-section-height-default\" data-id=\"85ee977\" data-element_type=\"section\">\n\t\t\t\t\t\t<div class=\"elementor-container elementor-column-gap-default\">\n\t\t\t\t\t<div class=\"elementor-column elementor-col-100 elementor-top-column elementor-element elementor-element-16f1fd6\" data-id=\"16f1fd6\" data-element_type=\"column\">\n\t\t\t<div class=\"elementor-widget-wrap elementor-element-populated\">\n\t\t\t\t\t\t\t\t<div class=\"elementor-element elementor-element-6d66db9 elementor-widget elementor-widget-elementskit-blog-posts\" data-id=\"6d66db9\" data-element_type=\"widget\" data-widget_type=\"elementskit-blog-posts.default\">\n\t\t\t\t<div class=\"elementor-widget-container\">\n\t\t\t<div class=\"ekit-wid-con\" >\n        <div id=\"post-items--6d66db9\" class=\"row post-items ekit-blog-posts-content\" data-enable=\"no\">\n\n\t\t\t<!-- Blog Carousel markup render -->\n\t\t\t\n\n            <div class=\"col-lg-4 col-md-6\">\n\n                                    <div class=\"elementskit-post-image-card\">\n                        <div class=\"elementskit-entry-header\">\n                                                            <a href=\"https:\/\/asfcee.org.br\/index.php\/2025\/11\/29\/direito-de-greve-esta-previsto-em-lei\/\" class=\"elementskit-entry-thumb\">\n                                    <img decoding=\"async\" src=\"https:\/\/asfcee.org.br\/wp-content\/uploads\/2025\/12\/WhatsApp-Image-2025-11-29-at-09.07.41-150x150.jpeg\" alt=\"DIREITO DE GREVE &#8211; EST\u00c1 PREVISTO EM LEI\">\n                                <\/a><!-- .elementskit-entry-thumb END -->\n                                                                                                    <div class=\"elementskit-meta-lists elementskit-style-tag\">\n                                        <div class=\"elementskit-single-meta triangle_left\"><span class=\"elementskit-meta-wraper\"><strong>29<\/strong>Nov<\/span><\/div>\n                                    <\/div>\n                                                                                            \n                            \n                                                    <\/div><!-- .elementskit-entry-header END -->\n\n                        <div class=\"elementskit-post-body \">\n                            \n                                                                                                                <div class=\"post-meta-list\">\n                                                                                                <span class=\"meta-date\">\n\n                                <i aria-hidden=\"true\" class=\"icon icon-calendar3\"><\/i>\n                                <span class=\"meta-date-text\">\n                                    29 de November de 2025                                <\/span>\n                            <\/span>\n                                                                                                            <\/div>\n                                                                        \n                                        \n                                                                                                <h2 class=\"entry-title\">\n                    <a href=\"https:\/\/asfcee.org.br\/index.php\/2025\/11\/29\/direito-de-greve-esta-previsto-em-lei\/\">\n                            DIREITO DE GREVE &#8211; EST\u00c1 PREVISTO EM LEI                    <\/a>\n                <\/h2>\n                                                                                                                                                                                            <p>A Dra. Debora Niemeyer, da assessora jur\u00eddica da ASFCEE, apresenta esclarecimentos essenciais sobre o direito de greve e<\/p>\n                                                                                                                                                        <div class=\"btn-wraper\">\n                                    \n                                                                            <a href=\"https:\/\/asfcee.org.br\/index.php\/2025\/11\/29\/direito-de-greve-esta-previsto-em-lei\/\" class=\"elementskit-btn  whitespace--normal\" >\n                                                                                    SAIBA MAIS                                        <\/a>\n                                                                    <\/div>\n                                                    <\/div><!-- .elementskit-post-body END -->\n                    <\/div>\n                \n            <\/div>\t\t\t\t\n\n            <div class=\"col-lg-4 col-md-6\">\n\n                                    <div class=\"elementskit-post-image-card\">\n                        <div class=\"elementskit-entry-header\">\n                                                            <a href=\"https:\/\/asfcee.org.br\/index.php\/2025\/11\/19\/asfcee-e-sintespe-se-reunem-com-deputados-na-alesc-para-discutir-isonomia-salarial\/\" class=\"elementskit-entry-thumb\">\n                                    <img decoding=\"async\" src=\"https:\/\/asfcee.org.br\/wp-content\/uploads\/2025\/12\/ASFCEE-150x150.jpg\" alt=\"ASFCEE e SINTESPE se re\u00fanem com Deputados na ALESC para discutir Isonomia Salarial.\">\n                                <\/a><!-- .elementskit-entry-thumb END -->\n                                                                                                    <div class=\"elementskit-meta-lists elementskit-style-tag\">\n                                        <div class=\"elementskit-single-meta triangle_left\"><span class=\"elementskit-meta-wraper\"><strong>19<\/strong>Nov<\/span><\/div>\n                                    <\/div>\n                                                                                            \n                            \n                                                    <\/div><!-- .elementskit-entry-header END -->\n\n                        <div class=\"elementskit-post-body \">\n                            \n                                                                                                                <div class=\"post-meta-list\">\n                                                                                                <span class=\"meta-date\">\n\n                                <i aria-hidden=\"true\" class=\"icon icon-calendar3\"><\/i>\n                                <span class=\"meta-date-text\">\n                                    19 de November de 2025                                <\/span>\n                            <\/span>\n                                                                                                            <\/div>\n                                                                        \n                                        \n                                                                                                <h2 class=\"entry-title\">\n                    <a href=\"https:\/\/asfcee.org.br\/index.php\/2025\/11\/19\/asfcee-e-sintespe-se-reunem-com-deputados-na-alesc-para-discutir-isonomia-salarial\/\">\n                            ASFCEE e SINTESPE se re\u00fanem com Deputados na ALESC para                    <\/a>\n                <\/h2>\n                                                                                                                                                                                            <p>No dia de ontem (17), a Comiss\u00e3o em Prol da Isonomia Salarial, junto ao SINTESPE, esteve reunida com<\/p>\n                                                                                                                                                        <div class=\"btn-wraper\">\n                                    \n                                                                            <a href=\"https:\/\/asfcee.org.br\/index.php\/2025\/11\/19\/asfcee-e-sintespe-se-reunem-com-deputados-na-alesc-para-discutir-isonomia-salarial\/\" class=\"elementskit-btn  whitespace--normal\" >\n                                                                                    SAIBA MAIS                                        <\/a>\n                                                                    <\/div>\n                                                    <\/div><!-- .elementskit-post-body END -->\n                    <\/div>\n                \n            <\/div>\t\t\t\t\n\n            <div class=\"col-lg-4 col-md-6\">\n\n                                    <div class=\"elementskit-post-image-card\">\n                        <div class=\"elementskit-entry-header\">\n                                                            <a href=\"https:\/\/asfcee.org.br\/index.php\/2025\/02\/04\/direitos-dos-pacientes-oncologicos\/\" class=\"elementskit-entry-thumb\">\n                                    <img decoding=\"async\" src=\"https:\/\/asfcee.org.br\/wp-content\/uploads\/2025\/02\/ASFCEE-SITE-350-x-284-px-1-1-150x150.jpg\" alt=\"DIREITOS DOS PACIENTES ONCOL\u00d3GICOS.\">\n                                <\/a><!-- .elementskit-entry-thumb END -->\n                                                                                                    <div class=\"elementskit-meta-lists elementskit-style-tag\">\n                                        <div class=\"elementskit-single-meta triangle_left\"><span class=\"elementskit-meta-wraper\"><strong>04<\/strong>Feb<\/span><\/div>\n                                    <\/div>\n                                                                                            \n                            \n                                                    <\/div><!-- .elementskit-entry-header END -->\n\n                        <div class=\"elementskit-post-body \">\n                            \n                                                                                                                <div class=\"post-meta-list\">\n                                                                                                <span class=\"meta-date\">\n\n                                <i aria-hidden=\"true\" class=\"icon icon-calendar3\"><\/i>\n                                <span class=\"meta-date-text\">\n                                    4 de February de 2025                                <\/span>\n                            <\/span>\n                                                                                                            <\/div>\n                                                                        \n                                        \n                                                                                                <h2 class=\"entry-title\">\n                    <a href=\"https:\/\/asfcee.org.br\/index.php\/2025\/02\/04\/direitos-dos-pacientes-oncologicos\/\">\n                            DIREITOS DOS PACIENTES ONCOL\u00d3GICOS.                    <\/a>\n                <\/h2>\n                                                                                                                                                                                            <p>Voc\u00ea conhece os direitos dos pacientes Oncol\u00f3gicos? Neste Dia Mundial de Combate ao C\u00e2ncer, a Dra. Debora Niemeyer,<\/p>\n                                                                                                                                                        <div class=\"btn-wraper\">\n                                    \n                                                                            <a href=\"https:\/\/asfcee.org.br\/index.php\/2025\/02\/04\/direitos-dos-pacientes-oncologicos\/\" class=\"elementskit-btn  whitespace--normal\" >\n                                                                                    SAIBA MAIS                                        <\/a>\n                                                                    <\/div>\n                                                    <\/div><!-- .elementskit-post-body END -->\n                    <\/div>\n                \n            <\/div>\t\t\t\t        <\/div>\n        \n        \n        <\/div>\t\t<\/div>\n\t\t\t\t<\/div>\n\t\t\t\t\t<\/div>\n\t\t<\/div>\n\t\t\t\t\t\t\t<\/div>\n\t\t<\/section>\n\t\t\t\t\t\t\t<\/div>\n\t\t","protected":false},"excerpt":{"rendered":"<p>JUR\u00cdDICO 01abr 1 de abril de 2024 CONQUISTA JUR\u00cdDICA ASFCEE: Liminar favor\u00e1vel em a\u00e7\u00e3o que visa o ENTENDA O CASO: Associada realizou atendimento jur\u00eddico na \u00faltima sexta-feira na ASFCEE, e levou ao conhecimento da assessoria SAIBA MAIS 26mar 26 de mar\u00e7o de 2024 INSTRU\u00c7\u00c3O NORMATIVA N\u00ba001\/2024 \u25ba Arraste para o lado e confira o Informe [&hellip;] <\/p>\n","protected":false},"author":2,"featured_media":0,"parent":0,"menu_order":0,"comment_status":"closed","ping_status":"closed","template":"elementor_header_footer","meta":[],"_links":{"self":[{"href":"https:\/\/asfcee.org.br\/index.php\/wp-json\/wp\/v2\/pages\/5032"}],"collection":[{"href":"https:\/\/asfcee.org.br\/index.php\/wp-json\/wp\/v2\/pages"}],"about":[{"href":"https:\/\/asfcee.org.br\/index.php\/wp-json\/wp\/v2\/types\/page"}],"author":[{"embeddable":true,"href":"https:\/\/asfcee.org.br\/index.php\/wp-json\/wp\/v2\/users\/2"}],"replies":[{"embeddable":true,"href":"https:\/\/asfcee.org.br\/index.php\/wp-json\/wp\/v2\/comments?post=5032"}],"version-history":[{"count":51,"href":"https:\/\/asfcee.org.br\/index.php\/wp-json\/wp\/v2\/pages\/5032\/revisions"}],"predecessor-version":[{"id":5158,"href":"https:\/\/asfcee.org.br\/index.php\/wp-json\/wp\/v2\/pages\/5032\/revisions\/5158"}],"wp:attachment":[{"href":"https:\/\/asfcee.org.br\/index.php\/wp-json\/wp\/v2\/media?parent=5032"}],"curies":[{"name":"wp","href":"https:\/\/api.w.org\/{rel}","templated":true}]}}